0?
-3200
In base 5, what is -3 + -4031?
-4034
In base 9, what is 1 - 503?
-502
In base 6, what is 1124 - -4?
1132
In base 9, what is 0 + 40?
40
In base 5, what is 2 + 124?
131
In base 10, what is -22 + -381?
-403
In base 12, what is -1 + -21a?
-21b
In base 2, what is 1100101 + -1000?
1011101
In base 15, what is 7e - -3b?
ba
In base 10, what is 2 + 112?
114
In base 15, what is 13 - 121?
-10d
In base 15, what is -1 + -299?
-29a
In base 7, what is 1104 - 5?
1066
In base 9, what is -5 - 6?
-12
In base 13, what is -7ac + -4?
-7b3
In base 13, what is -3 + 62?
5c
In base 11, what is 18 + -50?
-33
In base 14, what is -17 - 0?
-17
In base 16, what is -5 + 7e9?
7e4
In base 10, what is -1 - 594?
-595
In base 7, what is -1 - -535?
534
In base 12, what is 4 + 15a0?
15a4
In base 9, what is 3188 + 2?
3201
In base 14, what is 26 + -8?
1c
In base 11, what is 147 + 11?
158
In base 9, what is 70576 - -5?
70582
In base 14, what is -4 + 3a?
36
In base 9, what is 10 + -26?
-16
In base 4, what is 11 - 1211123?
-1211112
In base 5, what is 112 + -1332?
-1220
In base 13, what is 4 + -25?
-21
In base 8, what is 213 - -4?
217
In base 14, what is -22 - -4?
-1c
In base 2, what is 1100001 + 10?
1100011
In base 6, what is 1 - 1315?
-1314
In base 3, what is 11 - 12012?
-12001
In base 6, what is -13301 + 3?
-13254
In base 6, what is 4 + 343?
351
In base 9, what is -6 + -42?
-48
In base 10, what is 42 - -4?
46
In base 14, what is -3 - 9c?
-a1
In base 11, what is 159 - 4?
155
In base 4, what is -10122 + -102?
-10230
In base 16, what is 3 - -4a?
4d
In base 8, what is 2 + -4652?
-4650
In base 14, what is -340 - -5?
-339
In base 9, what is 101 + -4?
86
In base 14, what is -1 + -d9?
-da
In base 3, what is -1 + -1002112?
-1002120
In base 15, what is 5 - -8?
d
In base 11, what is 8 + 35?
42
In base 7, what is 2 - -164?
166
In base 7, what is -44 - -5?
-36
In base 4, what is 31212 - -11?
31223
In base 8, what is 310 + -1?
307
In base 6, what is -150 + 22?
-124
In base 7, what is -11026 + 3?
-11023
In base 4, what is 1100 - 3?
1031
In base 2, what is 11111 - -110?
100101
In base 6, what is -3 - 152?
-155
In base 7, what is 1652 + 0?
1652
In base 3, what is -112201 + 2?
-112122
In base 4, what is -11 - -220?
203
In base 8, what is 10 + 1740?
1750
In base 5, what is 4 - 302?
-243
In base 9, what is -1104 + -2?
-1106
In base 16, what is -1c5 - -4?
-1c1
In base 5, what is -330 - -110?
-220
In base 15, what is -3c - 8?
-45
In base 5, what is -3433 - 2?
-3440
In base 4, what is 203 - -30?
233
In base 13, what is 118 - 8?
110
In base 13, what is 17 - -15?
2c
In base 6, what is 3 - -4222?
4225
In base 6, what is 42 + 2?
44
In base 8, what is 646 + 46?
714
In base 8, what is 4 - 31?
-25
In base 5, what is 2 + -2111?
-2104
In base 15, what is -2 + 476?
474
In base 10, what is 261 + -5?
256
In base 9, what is 1 - -1420?
1421
In base 7, what is 16 - -236?
255
In base 7, what is 0 - -356?
356
In base 2, what is -101110100 + 111?
-101101101
In base 14, what is 3609 + 3?
360c
In base 5, what is -114 + 23?
-41
In base 13, what is 257 - 1?
256
In base 12, what is 8 + -89?
-81
In base 7, what is 461 + -1?
460
In base 7, what is -121 + 0?
-121
In base 10, what is -5 + -66?
-71
In base 13, what is c + 0?
c
In base 14, what is -2 + -11a?
-11c
In base 13, what is a - 15a?
-150
In base 4, what is 10 + 102001?
102011
In base 4, what is 121 - 11?
110
In base 15, what is -31a - -2?
-318
In base 11, what is -4 + 2a13?
2a0a
In base 6, what is 32 - -103?
135
In base 4, what is -1 + 2200?
2133
In base 10, what is -3 + -99?
-102
In base 5, what is -13011 + 12?
-12444
In base 8, what is -131 + -6?
-137
In base 9, what is -86 + -665?
-762
In base 3, what is -220010 + -1?
-220011
In base 3, what is -2 + 2010?
2001
In base 12, what is -1049 - -2?
-1047
In base 7, what is 213 - -2?
215
In base 14, what is ac - 3?
a9
In base 10, what is 1100 - 3?
1097
In base 2, what is -1111 + -11011?
-101010
In base 14, what is 1 + 132?
133
In base 11, what is 9a - 37?
63
In base 14, what is -6 + -127?
-12d
In base 3, what is -100 - -121021?
120221
In base 16, what is -5 + -3ab?
-3b0
In base 4, what is 0 + 1?
1
In base 15, what is -2 + -d9?
-db
In base 15, what is 17 + 28?
40
In base 7, what is 3 - 146?
-143
In base 4, what is 12202 - 3?
12133
In base 11, what is 27 - -5?
31
In base 3, what is 202000 + 12?
202012
In base 3, what is -11 - -12200?
12112
In base 3, what is 12 + -10211?
-10122
In base 14, what is 2 + -2b2?
-2b0
In base 9, what is 8 + 0?
8
In base 15, what is -7 - -9?
2
In base 5, what is -23 + 42?
14
In base 15, what is 1e8 + 0?
1e8
In base 13, what is -94 + 1?
-93
In base 16, what is f + e?
1d
In base 14, what is 3 - -1a28?
1a2b
In base 6, what is -4 + -23001?
-23005
In base 4, what is -33 - -233?
200
In base 7, what is -4 - 22?
-26
In base 2, what is 100000010 - 1100?
11110110
In base 11, what is -14 - -6?
-9
In base 7, what is 114 - -305?
422
In base 2, what is -11110 + -10110100?
-11010010
In base 3, what is 1 - -22100?
22101
In base 2, what is 1111110 - 11?
1111011
In base 16, what is 61b + -4?
617
In base 4, what is -2 + 1323?
1321
In base 8, what is 4 + 146?
152
In base 8, what is 7 - -33?
42
In base 9, what is 21 - 4?
16
In base 2, what is 100010010000 - -1?
100010010001
In base 5, what is 211130 + -3?
211122
In base 9, what is -250 + 1?
-248
In base 12, what is -a8 + -9?
-b5
In base 10, what is -329 - 2?
-331
In base 13, what is -c4 + -5?
-c9
In base 13, what is -41 - -7?
-37
In base 12, what is 1b6 + 5?
1bb
In base 16, what is -30 - -3?
-2d
In base 8, what is 6 + -221?
-213
In base 11, what is -1915 - -1?
-1914
In base 3, what is 11001101 + 2?
11001110
In base 16, what is 52 + 4?
56
In base 13, what is 2a + 16?
43
In base 13, what is -4261 + 5?
-4259
In base 3, what is -11 - -22100?
22012
In base 3, what is -22 + 1121?
1022
In base 6, what is -5 + -111?
-120
In base 2, what is -10 + 10011111?
10011101
In base 11, what is -1553 + -4?
-1557
In base 10, what is -27 + -20?
-47
In base 5, what is -11 - -1?
-10
In base 9, what is -7 + -60?
-67
In base 8, what is 0 - 7630?
-7630
In base 4, what is -10 + 103110?
103100
In base 6, what is -212 + -1?
-213
In base 4, what is -2221 + -111?
-2332
In base 3, what is -11 - -11?
0
In base 14, what is 10 + 26?
36
In base 5, what is -10 + 133410?
133400
In base 4, what is -2011202 - -10?
-2011132
In base 6, what is -22 + -24?
-50
In base 4, what is 213 - 103?
110
In base 3, what is -120122 - -20?
-120102
In base 5, what is 2 + 1410?
1412
In base 6, what is -30 + 253?
223
In base 8, what is 5 - -167?
174
In base 15, what is -2b + 2?
-29
In base 3, what is 122 + 212?
1111
In base 12, what is 2 + 3b?
41
In base 9, what is -145 - -26?
-118
In base 10, what is 2 + -41?
-39
In base 11, what is -34 - -2?
-32
In base 9, what is -25 - 65?
-101
In base 14, what is 2 - 3b0?
-3ac
In base 2, what is 10 - 11001?
-10111
In base 12, what is -1 - 332?
-333
In base 2, what is 100 + 1000111?
1001011
In base 5, what is -31 + 3134?
3103
In base 13, what is -2505 - 2?
-2507
In base 4, what is 33 + -210?
-111
In base 14, what is -157c3 + -2?
-157c5
In base 16, what is 20 + -d?
13
In base 4, what is 32 + 1112?
1210
In base 5, what is 402242 - 4?
402233
In base 14, what is -1 + 314?
313
In base 8, what is 636 + 1?
637
In base 4, what is 122 + -1?
121
In base 9, what is -351 + -5?
-356
In base 4, what is 130 + 12?
202
In base 4, what is 10310 + -11?
10233
In base 16, what is 0 + -67?
-67
In base 10, what is 240 - 7?
233
In base 10, what is -35 - 18?
-53
In base 14, what is -341 + -4?
-345
In base 3, what is 101 - 222?
-121
In base 14, what is a25 + 8?
a2d
In base 3, what is -10210 - -100?
-10110
In base 12, what is 1116 + 4?
111a
In base 16, what is -512 - 9?
-51b
In base 2, what is -101100000001 + 0?
-101100000001
In base 6, what is 2 - -105?
111
In base 9, what is 1037 - -2?
1040
In base 15, what is d - 3?
a
In base 5, what is 44222 + -2?
44220
In base 3, what is -221021001 - 10?
-221021011
In base 15, what is -2 - 516?
-518
In base 5, what is -1344 + 10?
-1334
In base 11, what is 22 - 0?
22
In base 4, what is -113102 - -2?
-113100
In base 14, what is 90 + 8?
98
In base 6, what is 1 - 30?
-25
In base 9, what is 86 + 78?
175
In base 8, what is -215 - -170?
-25
In base 11, what is 6 - -33?
39
In base 16